{"id":53,"date":"2013-06-01T19:35:48","date_gmt":"2013-06-01T17:35:48","guid":{"rendered":"http:\/\/wp1066866.wp101.webpack.hosteurope.de\/schule\/?page_id=53"},"modified":"2026-03-28T05:27:36","modified_gmt":"2026-03-28T04:27:36","slug":"start","status":"publish","type":"page","link":"https:\/\/www.grundschule-am-stadtpark-steglitz.de\/","title":{"rendered":""},"content":{"rendered":"<p><a href=\"https:\/\/www.grundschule-am-stadtpark-steglitz.de\/wp-content\/uploads\/2026\/02\/K800_Fruehling2026.jpg\"><img loading=\"lazy\" decoding=\"async\" class=\"size-full wp-image-48379 aligncenter\" src=\"https:\/\/www.grundschule-am-stadtpark-steglitz.de\/wp-content\/uploads\/2026\/02\/K800_Fruehling2026.jpg\" alt=\"\" width=\"904\" height=\"600\" srcset=\"https:\/\/www.grundschule-am-stadtpark-steglitz.de\/wp-content\/uploads\/2026\/02\/K800_Fruehling2026.jpg 904w, https:\/\/www.grundschule-am-stadtpark-steglitz.de\/wp-content\/uploads\/2026\/02\/K800_Fruehling2026-300x199.jpg 300w, https:\/\/www.grundschule-am-stadtpark-steglitz.de\/wp-content\/uploads\/2026\/02\/K800_Fruehling2026-768x510.jpg 768w\" sizes=\"auto, (max-width: 904px) 100vw, 904px\" \/><\/a><\/p>\n<p style=\"text-align: center;\"><span style=\"font-size: 36pt;\"><strong><span style=\"font-family: comic sans ms,sans-serif;\"><span style=\"color: #ff0000;\">H<\/span><\/span><span style=\"font-family: comic\\ sans\\ ms, sans-serif;\"><span style=\"color: #ffcc00;\">E<\/span><span style=\"color: #99cc00;\">R<\/span><span style=\"color: #993300;\">Z<\/span><span style=\"color: #3366ff;\">L<\/span><span style=\"color: #00ccff;\">I<\/span><span style=\"color: #993366;\">C<\/span><\/span><span style=\"font-family: comic\\ sans\\ ms, sans-serif;\"><span style=\"color: #ff00ff;\">H <\/span><\/span><\/strong><\/span><strong><span style=\"font-family: comic sans ms,sans-serif; font-size: 24pt;\"><span style=\"font-size: 36pt;\"><span style=\"color: #ff0000;\">W<\/span><span style=\"color: #ffcc00;\">I<\/span><span style=\"color: #99cc00;\">L<\/span><span style=\"color: #0000ff;\">L<\/span><span style=\"color: #339966;\">K<\/span><span style=\"color: #00ccff;\">O<\/span><span style=\"color: #993366;\">M<\/span><span style=\"color: #3366ff;\">M<\/span><span style=\"color: #ff00ff;\">E<\/span><\/span><span style=\"color: #ff0000;\"><span style=\"font-size: 24pt;\"><span style=\"font-size: 36pt;\">N<\/span><\/span><\/span><\/span><\/strong><\/p>\n<p style=\"text-align: center;\"><strong><span style=\"font-family: comic sans ms,sans-serif;\"><span style=\"font-size: 28px;\"><span style=\"font-size: 20px;\"><span style=\"color: #ffcc00;\">a<span style=\"color: #ff0000;\">u<\/span><span style=\"color: #008000;\">f <\/span><\/span><span style=\"font-size: 20px;\"><span style=\"color: #ff0000;\">d<\/span><\/span><\/span><\/span><\/span><\/strong><strong><span style=\"font-family: comic sans ms,sans-serif;\"><span style=\"font-size: 28px;\"><span style=\"font-size: 20px;\"><span style=\"font-size: 20px;\"><span style=\"color: #00ccff;\">e<\/span><span style=\"color: #993366;\">r<\/span> <\/span><\/span><span style=\"font-size: 20px;\"><span style=\"color: #0000ff;\">H<\/span><span style=\"color: #339966;\">om<\/span><span style=\"color: #993366;\">e<\/span><span style=\"color: #ff9900;\">p<\/span><span style=\"color: #ff0000;\">a<\/span><span style=\"color: #800000;\">g<\/span><span style=\"color: #33cccc;\">e<\/span><\/span><\/span><\/span><\/strong><strong> <span style=\"font-family: comic sans ms,sans-serif;\"><span style=\"font-size: 28px;\"><span style=\"font-size: 20px;\"><span style=\"color: #ff00ff;\">d<\/span><span style=\"color: #339966;\">e<\/span><span style=\"color: #ff6600;\">r<a href=\"https:\/\/www.grundschule-am-stadtpark-steglitz.de\/wp-content\/uploads\/2020\/12\/Glueck.png\"><img loading=\"lazy\" decoding=\"async\" class=\" wp-image-34041 alignright\" src=\"https:\/\/www.grundschule-am-stadtpark-steglitz.de\/wp-content\/uploads\/2020\/12\/Glueck-300x253.png\" alt=\"\" width=\"130\" height=\"110\" srcset=\"https:\/\/www.grundschule-am-stadtpark-steglitz.de\/wp-content\/uploads\/2020\/12\/Glueck-300x253.png 300w, https:\/\/www.grundschule-am-stadtpark-steglitz.de\/wp-content\/uploads\/2020\/12\/Glueck-1024x862.png 1024w, https:\/\/www.grundschule-am-stadtpark-steglitz.de\/wp-content\/uploads\/2020\/12\/Glueck-768x647.png 768w, https:\/\/www.grundschule-am-stadtpark-steglitz.de\/wp-content\/uploads\/2020\/12\/Glueck-1536x1294.png 1536w, https:\/\/www.grundschule-am-stadtpark-steglitz.de\/wp-content\/uploads\/2020\/12\/Glueck-2048x1725.png 2048w\" sizes=\"auto, (max-width: 130px) 100vw, 130px\" \/><\/a><br \/>\n<\/span><\/span><\/span><\/span><\/strong><span style=\"font-size: 24pt;\"><span style=\"font-family: comic sans ms,sans-serif;\"><span style=\"color: #99cc00;\"><strong>G<span style=\"color: #ffcc00;\">R<\/span><span style=\"color: #00ccff;\">U<\/span><span style=\"color: #ff0000;\">N<\/span><span style=\"color: #3366ff;\">D<\/span><span style=\"color: #ff6600;\">S<\/span><span style=\"color: #993300;\">C<\/span><span style=\"color: #ff0000;\">H<\/span><span style=\"color: #339966;\">U<\/span><span style=\"color: #0000ff;\">LE<br \/>\n<\/span><\/strong><\/span><\/span><strong><span style=\"font-family: comic sans ms,sans-serif;\"><span style=\"color: #339966;\"><span style=\"color: #ff6600; font-size: 14pt;\">A<span style=\"color: #339966;\">M<br \/>\n<\/span><\/span><\/span><\/span><\/strong><\/span><span style=\"font-size: 24pt;\"><strong><span style=\"font-family: comic sans ms,sans-serif;\"><span style=\"color: #808000;\"><span style=\"color: #0000ff;\">&nbsp; S<\/span><span style=\"color: #008000;\">T<\/span><span style=\"color: #ff6600;\">A<\/span><span style=\"color: #800000;\">D<\/span><span style=\"color: #ff0000;\">T<\/span><span style=\"color: #339966;\">P<\/span><span style=\"color: #00ccff;\">A<\/span><span style=\"color: #ff00ff;\">R<\/span><span style=\"color: #99cc00;\">K<\/span><\/span><\/span> <span style=\"color: #008080;\"><span style=\"font-family: comic sans ms,sans-serif;\">S<span style=\"color: #0000ff;\">T<\/span><span style=\"color: #ff0000;\">E<\/span><span style=\"color: #ff6600;\">G<\/span><span style=\"color: #339966;\">L<\/span><span style=\"color: #800080;\">I<\/span><span style=\"color: #666699;\">T<\/span><\/span><span style=\"color: #993300;\"><span style=\"font-family: comic sans ms,sans-serif;\">Z<br \/>\n<\/span><\/span><\/span><\/strong><\/span><\/p>\n<p style=\"text-align: center;\"><span style=\"font-size: 14pt;\"><strong><span style=\"color: #000000;\"><span style=\"color: #ff0000;\">Sch\u00f6n<\/span>,<\/span><\/strong><\/span><span style=\"font-size: 14pt;\"><strong><span style=\"color: #000000;\"> <span style=\"color: #ff6600;\">dass<\/span> <span style=\"color: #008000;\">Sie<\/span> <span style=\"color: #0000ff;\">an<\/span> <span style=\"color: #993366;\">der<\/span> <span style=\"color: #ff9900;\">Webseite <\/span><\/span><\/strong><\/span><span style=\"font-size: 14pt;\"><strong><span style=\"color: #000000;\"><span style=\"color: #993300;\">unserer<\/span> <span style=\"color: #ff0000;\">Schule<\/span> <span style=\"color: #00ff00;\">interessiert<\/span> <span style=\"color: #00ccff;\">sind<span style=\"color: #ff00ff;\">!&nbsp; <\/span><\/span><\/span><\/strong><\/span><\/p>\n<p style=\"text-align: center;\"><img decoding=\"async\" class=\"aligncenter\" src=\"https:\/\/www.animierte-gifs.net\/data\/media\/562\/animiertes-linie-bild-0441.gif\" alt=\"animiertes-linie-bild-0441\" border=\"1\"><\/p>\n<p><a href=\"https:\/\/www.grundschule-am-stadtpark-steglitz.de\/wp-content\/uploads\/2026\/03\/Osterferien2026quer.png\"><img loading=\"lazy\" decoding=\"async\" class=\"size-full wp-image-48511 aligncenter\" src=\"https:\/\/www.grundschule-am-stadtpark-steglitz.de\/wp-content\/uploads\/2026\/03\/Osterferien2026quer.png\" alt=\"\" width=\"1145\" height=\"637\" srcset=\"https:\/\/www.grundschule-am-stadtpark-steglitz.de\/wp-content\/uploads\/2026\/03\/Osterferien2026quer.png 1145w, https:\/\/www.grundschule-am-stadtpark-steglitz.de\/wp-content\/uploads\/2026\/03\/Osterferien2026quer-300x167.png 300w, https:\/\/www.grundschule-am-stadtpark-steglitz.de\/wp-content\/uploads\/2026\/03\/Osterferien2026quer-1024x570.png 1024w, https:\/\/www.grundschule-am-stadtpark-steglitz.de\/wp-content\/uploads\/2026\/03\/Osterferien2026quer-768x427.png 768w\" sizes=\"auto, (max-width: 1145px) 100vw, 1145px\" \/><\/a><\/p>\n<p style=\"text-align: justify;\"><span style=\"font-size: 12pt;\"><strong><span style=\"color: #000000;\">Zusammen mit meinen Kolleginnen und Kollegen bin ich bem\u00fcht, Ihnen <\/span><\/strong><\/span><span style=\"font-size: 12pt;\"><strong><span style=\"color: #000000;\">auf <\/span><\/strong><\/span><span style=\"font-size: 12pt;\"><strong><span style=\"color: #000000;\">diesem <\/span><\/strong><\/span><span style=\"font-size: 12pt;\"><strong><span style=\"color: #000000;\">Wege m\u00f6glichst zeitnah alle aktuellen I<\/span><span style=\"color: #000000;\">n<\/span><\/strong><\/span><span style=\"font-size: 12pt;\"><strong><span style=\"color: #000000;\">formationen \u00fcber das <\/span><\/strong><\/span><span style=\"font-size: 12pt;\"><strong><span style=\"color: #000000;\">Geschehen <\/span><\/strong><\/span><span style=\"font-size: 12pt;\"><strong><span style=\"color: #000000;\">an unserer Schule zu \u00fcbermitteln.<\/span><\/strong><\/span><\/p>\n<p style=\"text-align: justify;\"><span style=\"font-size: 12pt;\"><strong><span style=\"color: #000000;\">Um Ihnen die Suche nach bestimmten Inhalten zu <\/span><\/strong><\/span><span style=\"font-size: 12pt;\"><strong><span style=\"color: #000000;\">erleichtern, haben wir in<\/span><\/strong><\/span> <span style=\"font-size: 12pt;\"><strong><span style=\"color: #000000;\">der<\/span><\/strong><\/span><span style=\"font-size: 12pt;\"><strong><span style=\"color: #000000;\"> oberen Men\u00fcleiste&nbsp;<\/span><\/strong><\/span><span style=\"font-size: 12pt;\"><strong><span style=\"color: #000000;\">Themenschwerpunkte benannt.<\/span><\/strong><\/span><\/p>\n<p style=\"text-align: justify;\"><span style=\"font-size: 12pt;\"><strong><span style=\"color: #000000;\">K<\/span><\/strong><\/span><span style=\"font-size: 12pt;\"><strong><span style=\"color: #000000;\">licken Sie diese bitte einfach <\/span><\/strong><\/span><span style=\"font-size: 12pt;\"><strong><span style=\"color: #000000;\">an. <\/span><\/strong><\/span><span style=\"font-size: 12pt;\"><strong><span style=\"color: #000000;\">Von dort aus gelangen Sie problemlos zu weiteren Unterpunkten. <\/span><\/strong><\/span><\/p>\n<p style=\"text-align: justify;\"><span style=\"font-size: 12pt;\"><strong><span style=\"color: #000000;\">Aber auch rechts und <\/span><\/strong><\/span><span style=\"font-size: 12pt;\"><strong><span style=\"color: #000000;\">links erhalten Sie <\/span><\/strong><\/span><span style=\"font-size: 12pt;\"><strong><span style=\"color: #000000;\">Informationen&#8230;probieren Sie einfach <\/span><\/strong><\/span><span style=\"font-size: 12pt;\"><strong><span style=\"color: #000000;\">mal alles aus&#8230;<\/span><\/strong><\/span><\/p>\n<p style=\"text-align: justify;\"><span style=\"font-size: 12pt;\"><strong><span style=\"color: #000000;\">Eine wichtige Empfehlung: Unter dem Men\u00fcpunkt <\/span>&#8222;<a title=\"Aktuelles\" href=\"?cat=6\">Aktuelles<\/a>&#8220; <span style=\"color: #000000;\">erfahren Sie immer das <\/span><span style=\"color: #000000;\">W<\/span><span style=\"color: #000000;\">ichtigste aus dem Schulleben.<\/span><\/strong><\/span><\/p>\n<p><span style=\"color: #000000;\"><strong><span style=\"font-size: 10px;\">Schulleiter Matthias Meyer<\/span><\/strong><\/span><\/p>\n<p>&nbsp;<\/p>\n<p><a href=\"https:\/\/www.grundschule-am-stadtpark-steglitz.de\/wp-content\/uploads\/2025\/08\/SCHULJAHR_25-26.png\"><img loading=\"lazy\" decoding=\"async\" class=\"size-full wp-image-46885 aligncenter\" src=\"https:\/\/www.grundschule-am-stadtpark-steglitz.de\/wp-content\/uploads\/2025\/08\/SCHULJAHR_25-26.png\" alt=\"\" width=\"1352\" height=\"382\" srcset=\"https:\/\/www.grundschule-am-stadtpark-steglitz.de\/wp-content\/uploads\/2025\/08\/SCHULJAHR_25-26.png 1352w, https:\/\/www.grundschule-am-stadtpark-steglitz.de\/wp-content\/uploads\/2025\/08\/SCHULJAHR_25-26-300x85.png 300w, https:\/\/www.grundschule-am-stadtpark-steglitz.de\/wp-content\/uploads\/2025\/08\/SCHULJAHR_25-26-1024x289.png 1024w, https:\/\/www.grundschule-am-stadtpark-steglitz.de\/wp-content\/uploads\/2025\/08\/SCHULJAHR_25-26-768x217.png 768w\" sizes=\"auto, (max-width: 1352px) 100vw, 1352px\" \/><\/a><\/p>\n<p><img decoding=\"async\" class=\"aligncenter\" src=\"https:\/\/www.animierte-gifs.net\/data\/media\/562\/animiertes-linie-bild-0441.gif\" alt=\"animiertes-linie-bild-0441\" border=\"1\"><\/p>\n<p>&nbsp;<\/p>\n<p><a href=\"https:\/\/www.grundschule-am-stadtpark-steglitz.de\/wp-content\/uploads\/2022\/02\/FRIEDENHP-1.png\"><img loading=\"lazy\" decoding=\"async\" class=\"aligncenter wp-image-37621 size-full\" src=\"https:\/\/www.grundschule-am-stadtpark-steglitz.de\/wp-content\/uploads\/2022\/02\/FRIEDENHP-1.png\" alt=\"\" width=\"1441\" height=\"638\" srcset=\"https:\/\/www.grundschule-am-stadtpark-steglitz.de\/wp-content\/uploads\/2022\/02\/FRIEDENHP-1.png 1441w, https:\/\/www.grundschule-am-stadtpark-steglitz.de\/wp-content\/uploads\/2022\/02\/FRIEDENHP-1-300x133.png 300w, https:\/\/www.grundschule-am-stadtpark-steglitz.de\/wp-content\/uploads\/2022\/02\/FRIEDENHP-1-1024x453.png 1024w, https:\/\/www.grundschule-am-stadtpark-steglitz.de\/wp-content\/uploads\/2022\/02\/FRIEDENHP-1-768x340.png 768w\" sizes=\"auto, (max-width: 1441px) 100vw, 1441px\" \/><\/a><\/p>\n","protected":false},"excerpt":{"rendered":"<p>HERZLICH WILLKOMMEN auf der Homepage der GRUNDSCHULE AM &nbsp; STADTPARK STEGLITZ Sch\u00f6n, dass Sie an der Webseite unserer Schule interessiert sind!&nbsp; Zusammen mit meinen Kolleginnen und Kollegen bin ich bem\u00fcht, Ihnen auf diesem Wege m\u00f6glichst zeitnah alle aktuellen Informationen \u00fcber das Geschehen an unserer Schule zu \u00fcbermitteln. Um Ihnen die Suche nach bestimmten Inhalten zu<\/p>\n<p><a class=\"more-link\" href=\"https:\/\/www.grundschule-am-stadtpark-steglitz.de\/\">Mehr&#8230;<\/a><\/p>\n","protected":false},"author":2,"featured_media":0,"parent":0,"menu_order":1,"comment_status":"closed","ping_status":"closed","template":"","meta":{"ngg_post_thumbnail":0,"footnotes":""},"class_list":["post-53","page","type-page","status-publish","hentry"],"_links":{"self":[{"href":"https:\/\/www.grundschule-am-stadtpark-steglitz.de\/index.php?rest_route=\/wp\/v2\/pages\/53","targetHints":{"allow":["GET"]}}],"collection":[{"href":"https:\/\/www.grundschule-am-stadtpark-steglitz.de\/index.php?rest_route=\/wp\/v2\/pages"}],"about":[{"href":"https:\/\/www.grundschule-am-stadtpark-steglitz.de\/index.php?rest_route=\/wp\/v2\/types\/page"}],"author":[{"embeddable":true,"href":"https:\/\/www.grundschule-am-stadtpark-steglitz.de\/index.php?rest_route=\/wp\/v2\/users\/2"}],"replies":[{"embeddable":true,"href":"https:\/\/www.grundschule-am-stadtpark-steglitz.de\/index.php?rest_route=%2Fwp%2Fv2%2Fcomments&post=53"}],"version-history":[{"count":915,"href":"https:\/\/www.grundschule-am-stadtpark-steglitz.de\/index.php?rest_route=\/wp\/v2\/pages\/53\/revisions"}],"predecessor-version":[{"id":48512,"href":"https:\/\/www.grundschule-am-stadtpark-steglitz.de\/index.php?rest_route=\/wp\/v2\/pages\/53\/revisions\/48512"}],"wp:attachment":[{"href":"https:\/\/www.grundschule-am-stadtpark-steglitz.de\/index.php?rest_route=%2Fwp%2Fv2%2Fmedia&parent=53"}],"curies":[{"name":"wp","href":"https:\/\/api.w.org\/{rel}","templated":true}]}}