{"id":38758,"date":"2022-07-25T14:39:02","date_gmt":"2022-07-25T12:39:02","guid":{"rendered":"https:\/\/www.grundschule-am-stadtpark-steglitz.de\/?page_id=38758"},"modified":"2022-07-25T14:48:34","modified_gmt":"2022-07-25T12:48:34","slug":"6b-fr-vickov","status":"publish","type":"page","link":"https:\/\/www.grundschule-am-stadtpark-steglitz.de\/?page_id=38758","title":{"rendered":"6b &#8211; Fr. Vickov"},"content":{"rendered":"<p style=\"text-align: justify;\"><span style=\"color: #000000; font-size: 18pt; font-family: tahoma, arial, helvetica, sans-serif;\"><strong><u>&#8230;mit der Klasse 6b<\/u><\/strong><\/span><\/p>\n<p style=\"text-align: justify;\"><span style=\"font-size: 14pt;\"><strong><span style=\"color: #000000; font-family: tahoma, arial, helvetica, sans-serif;\"><img decoding=\"async\" class=\"alignright\" src=\"https:\/\/www.animierte-gifs.net\/data\/media\/548\/animiertes-koala-koalabaer-bild-0021.gif\" alt=\"animiertes-koala-koalabaer-bild-0021\" border=\"1\">Unsere Klasse ist im Kunstunterricht mit Frau Vickov in das Leben der australischen Ureinwohner eingetaucht. <\/span><\/strong><\/span><\/p>\n<p style=\"text-align: justify;\"><span style=\"color: #000000; font-size: 12pt; font-family: tahoma, arial, helvetica, sans-serif;\">Wir haben \u00fcber Mythen und Riten gesprochen und einiges \u00fcber die Kultur der Aborigines lernen k\u00f6nnen. Zum Beispiel, dass die Kinder der Aborigines zum Erwachsenwerden in das australische Outback geschickt wurden, wo sie viele Wochen und sogar Monate auf sich selbst gestellt waren. Wenn sie von ihrer Reise zur\u00fcckkamen, galten sie als Erwachsen.<\/span><\/p>\n<p><a href=\"https:\/\/www.grundschule-am-stadtpark-steglitz.de\/wp-content\/uploads\/2021\/11\/1.jpg\"><img loading=\"lazy\" decoding=\"async\" class=\"alignnone size-full wp-image-36485\" src=\"https:\/\/www.grundschule-am-stadtpark-steglitz.de\/wp-content\/uploads\/2021\/11\/1.jpg\" alt=\"\" width=\"810\" height=\"600\" srcset=\"https:\/\/www.grundschule-am-stadtpark-steglitz.de\/wp-content\/uploads\/2021\/11\/1.jpg 810w, https:\/\/www.grundschule-am-stadtpark-steglitz.de\/wp-content\/uploads\/2021\/11\/1-300x222.jpg 300w, https:\/\/www.grundschule-am-stadtpark-steglitz.de\/wp-content\/uploads\/2021\/11\/1-768x569.jpg 768w\" sizes=\"auto, (max-width: 810px) 100vw, 810px\" \/><\/a><\/p>\n<p style=\"text-align: justify;\"><span style=\"color: #000000; font-size: 12pt; font-family: tahoma, arial, helvetica, sans-serif;\">Die Aborigines waren fr\u00fcher eng mit ihren Ahnen verbunden und haben auch mit diesen auf ihre ganz eigene Art kommuniziert. Sie haben sich in eine Art Trance gesungen und mit Hilfe dieser Lieder (Songlines), die sehr lang waren, den Weg durch die Wildnis gefunden.<\/span><\/p>\n<p><a href=\"https:\/\/www.grundschule-am-stadtpark-steglitz.de\/wp-content\/uploads\/2021\/11\/2.jpg\"><img loading=\"lazy\" decoding=\"async\" class=\"alignnone size-full wp-image-36486\" src=\"https:\/\/www.grundschule-am-stadtpark-steglitz.de\/wp-content\/uploads\/2021\/11\/2.jpg\" alt=\"\" width=\"800\" height=\"600\" srcset=\"https:\/\/www.grundschule-am-stadtpark-steglitz.de\/wp-content\/uploads\/2021\/11\/2.jpg 800w, https:\/\/www.grundschule-am-stadtpark-steglitz.de\/wp-content\/uploads\/2021\/11\/2-300x225.jpg 300w, https:\/\/www.grundschule-am-stadtpark-steglitz.de\/wp-content\/uploads\/2021\/11\/2-768x576.jpg 768w\" sizes=\"auto, (max-width: 800px) 100vw, 800px\" \/><\/a><\/p>\n<p style=\"text-align: justify;\"><span style=\"color: #000000; font-size: 12pt; font-family: tahoma, arial, helvetica, sans-serif;\">In den Songlines wurden Wasserstellen, Schlafpl\u00e4tze und Wege benannt und so konnten die Aborigines sich im Outback zurechtfinden.<\/span><\/p>\n<div id=\"attachment_36487\" style=\"width: 553px\" class=\"wp-caption aligncenter\"><a href=\"https:\/\/www.grundschule-am-stadtpark-steglitz.de\/wp-content\/uploads\/2021\/11\/Johanna-H..jpg\"><img loading=\"lazy\" decoding=\"async\" aria-describedby=\"caption-attachment-36487\" class=\"size-full wp-image-36487\" src=\"https:\/\/www.grundschule-am-stadtpark-steglitz.de\/wp-content\/uploads\/2021\/11\/Johanna-H..jpg\" alt=\"\" width=\"543\" height=\"570\" srcset=\"https:\/\/www.grundschule-am-stadtpark-steglitz.de\/wp-content\/uploads\/2021\/11\/Johanna-H..jpg 543w, https:\/\/www.grundschule-am-stadtpark-steglitz.de\/wp-content\/uploads\/2021\/11\/Johanna-H.-286x300.jpg 286w\" sizes=\"auto, (max-width: 543px) 100vw, 543px\" \/><\/a><p id=\"caption-attachment-36487\" class=\"wp-caption-text\"><em><strong><span style=\"color: #000000;\">Johanna H. (Kl. 6b)<\/span><br \/><\/strong><\/em><\/p><\/div>\n<p style=\"text-align: justify;\"><span style=\"color: #000000; font-size: 12pt; font-family: tahoma, arial, helvetica, sans-serif;\">Auch in der Kunst wurden diese Traumpfade verewigt. Aber nur in Punktebildern (Dotpaintings). Die Punkte dienten dazu, nicht alle Informationen in den Bildern f\u00fcr jeden preiszugeben. &nbsp;<\/span><\/p>\n<p><a href=\"https:\/\/www.grundschule-am-stadtpark-steglitz.de\/wp-content\/uploads\/2021\/11\/4a.jpg\"><img loading=\"lazy\" decoding=\"async\" class=\"size-full wp-image-36492 aligncenter\" src=\"https:\/\/www.grundschule-am-stadtpark-steglitz.de\/wp-content\/uploads\/2021\/11\/4a.jpg\" alt=\"\" width=\"482\" height=\"498\" srcset=\"https:\/\/www.grundschule-am-stadtpark-steglitz.de\/wp-content\/uploads\/2021\/11\/4a.jpg 482w, https:\/\/www.grundschule-am-stadtpark-steglitz.de\/wp-content\/uploads\/2021\/11\/4a-290x300.jpg 290w\" sizes=\"auto, (max-width: 482px) 100vw, 482px\" \/><\/a><\/p>\n<p style=\"text-align: justify;\"><span style=\"color: #000000; font-size: 12pt; font-family: tahoma, arial, helvetica, sans-serif;\">Diese Bilder stellten Landkarten dar, auf denen Wege und verschiedene Symbole zu entdecken sind.<\/span><\/p>\n<p><a href=\"https:\/\/www.grundschule-am-stadtpark-steglitz.de\/wp-content\/uploads\/2021\/11\/7.jpg\"><img loading=\"lazy\" decoding=\"async\" class=\"alignnone size-medium wp-image-36490\" src=\"https:\/\/www.grundschule-am-stadtpark-steglitz.de\/wp-content\/uploads\/2021\/11\/7-300x225.jpg\" alt=\"\" width=\"300\" height=\"225\" srcset=\"https:\/\/www.grundschule-am-stadtpark-steglitz.de\/wp-content\/uploads\/2021\/11\/7-300x225.jpg 300w, https:\/\/www.grundschule-am-stadtpark-steglitz.de\/wp-content\/uploads\/2021\/11\/7-768x576.jpg 768w, https:\/\/www.grundschule-am-stadtpark-steglitz.de\/wp-content\/uploads\/2021\/11\/7.jpg 800w\" sizes=\"auto, (max-width: 300px) 100vw, 300px\" \/>&nbsp;&nbsp;&nbsp;&nbsp;<\/a> <a href=\"https:\/\/www.grundschule-am-stadtpark-steglitz.de\/wp-content\/uploads\/2021\/11\/8.jpg\"><img loading=\"lazy\" decoding=\"async\" class=\"alignnone size-medium wp-image-36491\" src=\"https:\/\/www.grundschule-am-stadtpark-steglitz.de\/wp-content\/uploads\/2021\/11\/8-300x225.jpg\" alt=\"\" width=\"300\" height=\"225\" srcset=\"https:\/\/www.grundschule-am-stadtpark-steglitz.de\/wp-content\/uploads\/2021\/11\/8-300x225.jpg 300w, https:\/\/www.grundschule-am-stadtpark-steglitz.de\/wp-content\/uploads\/2021\/11\/8-768x576.jpg 768w, https:\/\/www.grundschule-am-stadtpark-steglitz.de\/wp-content\/uploads\/2021\/11\/8.jpg 800w\" sizes=\"auto, (max-width: 300px) 100vw, 300px\" \/><\/a><\/p>\n<p><a href=\"https:\/\/www.grundschule-am-stadtpark-steglitz.de\/wp-content\/uploads\/2021\/11\/6.jpg\"><img loading=\"lazy\" decoding=\"async\" class=\"alignnone size-full wp-image-36489\" src=\"https:\/\/www.grundschule-am-stadtpark-steglitz.de\/wp-content\/uploads\/2021\/11\/6.jpg\" alt=\"\" width=\"800\" height=\"600\" srcset=\"https:\/\/www.grundschule-am-stadtpark-steglitz.de\/wp-content\/uploads\/2021\/11\/6.jpg 800w, https:\/\/www.grundschule-am-stadtpark-steglitz.de\/wp-content\/uploads\/2021\/11\/6-300x225.jpg 300w, https:\/\/www.grundschule-am-stadtpark-steglitz.de\/wp-content\/uploads\/2021\/11\/6-768x576.jpg 768w\" sizes=\"auto, (max-width: 800px) 100vw, 800px\" \/><\/a><\/p>\n<p style=\"text-align: justify;\"><span style=\"color: #000000; font-size: 12pt; font-family: tahoma, arial, helvetica, sans-serif;\">Auch wir haben als Klassengemeinschaft eine gro\u00dfe Landkarte im Dotpaintingstil entworfen, die wir aus 20 Einzelbildern am Ende zusammengef\u00fcgt haben\u2026unsere eigenen Traumpfade. &nbsp;<\/span><\/p>\n<p><a href=\"https:\/\/www.grundschule-am-stadtpark-steglitz.de\/wp-content\/uploads\/2021\/11\/5.jpg\"><img loading=\"lazy\" decoding=\"async\" class=\"alignnone size-full wp-image-36488\" src=\"https:\/\/www.grundschule-am-stadtpark-steglitz.de\/wp-content\/uploads\/2021\/11\/5.jpg\" alt=\"\" width=\"770\" height=\"600\" srcset=\"https:\/\/www.grundschule-am-stadtpark-steglitz.de\/wp-content\/uploads\/2021\/11\/5.jpg 770w, https:\/\/www.grundschule-am-stadtpark-steglitz.de\/wp-content\/uploads\/2021\/11\/5-300x234.jpg 300w, https:\/\/www.grundschule-am-stadtpark-steglitz.de\/wp-content\/uploads\/2021\/11\/5-768x598.jpg 768w\" sizes=\"auto, (max-width: 770px) 100vw, 770px\" \/><\/a><\/p>\n<p><em><strong><span style=\"color: #000000;\">M. Vickov (Klassenlehrerin)<\/span><\/strong><\/em><\/p>\n","protected":false},"excerpt":{"rendered":"<p>&#8230;mit der Klasse 6b Unsere Klasse ist im Kunstunterricht mit Frau Vickov in das Leben der australischen Ureinwohner eingetaucht. Wir haben \u00fcber Mythen und Riten gesprochen und einiges \u00fcber die Kultur der Aborigines lernen k\u00f6nnen. Zum Beispiel, dass die Kinder der Aborigines zum Erwachsenwerden in das australische Outback geschickt wurden, wo sie viele Wochen und<\/p>\n<p><a class=\"more-link\" href=\"https:\/\/www.grundschule-am-stadtpark-steglitz.de\/?page_id=38758\">Mehr&#8230;<\/a><\/p>\n","protected":false},"author":2,"featured_media":0,"parent":0,"menu_order":0,"comment_status":"closed","ping_status":"closed","template":"","meta":{"ngg_post_thumbnail":0,"footnotes":""},"class_list":["post-38758","page","type-page","status-publish","hentry"],"_links":{"self":[{"href":"https:\/\/www.grundschule-am-stadtpark-steglitz.de\/index.php?rest_route=\/wp\/v2\/pages\/38758","targetHints":{"allow":["GET"]}}],"collection":[{"href":"https:\/\/www.grundschule-am-stadtpark-steglitz.de\/index.php?rest_route=\/wp\/v2\/pages"}],"about":[{"href":"https:\/\/www.grundschule-am-stadtpark-steglitz.de\/index.php?rest_route=\/wp\/v2\/types\/page"}],"author":[{"embeddable":true,"href":"https:\/\/www.grundschule-am-stadtpark-steglitz.de\/index.php?rest_route=\/wp\/v2\/users\/2"}],"replies":[{"embeddable":true,"href":"https:\/\/www.grundschule-am-stadtpark-steglitz.de\/index.php?rest_route=%2Fwp%2Fv2%2Fcomments&post=38758"}],"version-history":[{"count":1,"href":"https:\/\/www.grundschule-am-stadtpark-steglitz.de\/index.php?rest_route=\/wp\/v2\/pages\/38758\/revisions"}],"predecessor-version":[{"id":38759,"href":"https:\/\/www.grundschule-am-stadtpark-steglitz.de\/index.php?rest_route=\/wp\/v2\/pages\/38758\/revisions\/38759"}],"wp:attachment":[{"href":"https:\/\/www.grundschule-am-stadtpark-steglitz.de\/index.php?rest_route=%2Fwp%2Fv2%2Fmedia&parent=38758"}],"curies":[{"name":"wp","href":"https:\/\/api.w.org\/{rel}","templated":true}]}}

<p style="text-align: justify;"><span style="color: #000000; font-size: 18pt; font-family: tahoma, arial, helvetica, sans-serif;"><strong><u>&#8230;mit der Klasse 6b</u></strong></span></p>
<p style="text-align: justify;"><span style="font-size: 14pt;"><strong><span style="color: #000000; font-family: tahoma, arial, helvetica, sans-serif;"><img decoding="async" class="alignright" src="https://www.animierte-gifs.net/data/media/548/animiertes-koala-koalabaer-bild-0021.gif" alt="animiertes-koala-koalabaer-bild-0021" border="1">Unsere Klasse ist im Kunstunterricht mit Frau Vickov in das Leben der australischen Ureinwohner eingetaucht. </span></strong></span></p>
<p style="text-align: justify;"><span style="color: #000000; font-size: 12pt; font-family: tahoma, arial, helvetica, sans-serif;">Wir haben über Mythen und Riten gesprochen und einiges über die Kultur der Aborigines lernen können. Zum Beispiel, dass die Kinder der Aborigines zum Erwachsenwerden in das australische Outback geschickt wurden, wo sie viele Wochen und sogar Monate auf sich selbst gestellt waren. Wenn sie von ihrer Reise zurückkamen, galten sie als Erwachsen.</span></p>
<p><a href="https://www.grundschule-am-stadtpark-steglitz.de/wp-content/uploads/2021/11/1.jpg"><img loading="lazy" decoding="async" class="alignnone size-full wp-image-36485" src="https://www.grundschule-am-stadtpark-steglitz.de/wp-content/uploads/2021/11/1.jpg" alt="" width="810" height="600" srcset="https://www.grundschule-am-stadtpark-steglitz.de/wp-content/uploads/2021/11/1.jpg 810w, https://www.grundschule-am-stadtpark-steglitz.de/wp-content/uploads/2021/11/1-300x222.jpg 300w, https://www.grundschule-am-stadtpark-steglitz.de/wp-content/uploads/2021/11/1-768x569.jpg 768w" sizes="auto, (max-width: 810px) 100vw, 810px" /></a></p>
<p style="text-align: justify;"><span style="color: #000000; font-size: 12pt; font-family: tahoma, arial, helvetica, sans-serif;">Die Aborigines waren früher eng mit ihren Ahnen verbunden und haben auch mit diesen auf ihre ganz eigene Art kommuniziert. Sie haben sich in eine Art Trance gesungen und mit Hilfe dieser Lieder (Songlines), die sehr lang waren, den Weg durch die Wildnis gefunden.</span></p>
<p><a href="https://www.grundschule-am-stadtpark-steglitz.de/wp-content/uploads/2021/11/2.jpg"><img loading="lazy" decoding="async" class="alignnone size-full wp-image-36486" src="https://www.grundschule-am-stadtpark-steglitz.de/wp-content/uploads/2021/11/2.jpg" alt="" width="800" height="600" srcset="https://www.grundschule-am-stadtpark-steglitz.de/wp-content/uploads/2021/11/2.jpg 800w, https://www.grundschule-am-stadtpark-steglitz.de/wp-content/uploads/2021/11/2-300x225.jpg 300w, https://www.grundschule-am-stadtpark-steglitz.de/wp-content/uploads/2021/11/2-768x576.jpg 768w" sizes="auto, (max-width: 800px) 100vw, 800px" /></a></p>
<p style="text-align: justify;"><span style="color: #000000; font-size: 12pt; font-family: tahoma, arial, helvetica, sans-serif;">In den Songlines wurden Wasserstellen, Schlafplätze und Wege benannt und so konnten die Aborigines sich im Outback zurechtfinden.</span></p>
<div id="attachment_36487" style="width: 553px" class="wp-caption aligncenter"><a href="https://www.grundschule-am-stadtpark-steglitz.de/wp-content/uploads/2021/11/Johanna-H..jpg"><img loading="lazy" decoding="async" aria-describedby="caption-attachment-36487" class="size-full wp-image-36487" src="https://www.grundschule-am-stadtpark-steglitz.de/wp-content/uploads/2021/11/Johanna-H..jpg" alt="" width="543" height="570" srcset="https://www.grundschule-am-stadtpark-steglitz.de/wp-content/uploads/2021/11/Johanna-H..jpg 543w, https://www.grundschule-am-stadtpark-steglitz.de/wp-content/uploads/2021/11/Johanna-H.-286x300.jpg 286w" sizes="auto, (max-width: 543px) 100vw, 543px" /></a><p id="caption-attachment-36487" class="wp-caption-text"><em><strong><span style="color: #000000;">Johanna H. (Kl. 6b)</span><br /></strong></em></p></div>
<p style="text-align: justify;"><span style="color: #000000; font-size: 12pt; font-family: tahoma, arial, helvetica, sans-serif;">Auch in der Kunst wurden diese Traumpfade verewigt. Aber nur in Punktebildern (Dotpaintings). Die Punkte dienten dazu, nicht alle Informationen in den Bildern für jeden preiszugeben. &nbsp;</span></p>
<p><a href="https://www.grundschule-am-stadtpark-steglitz.de/wp-content/uploads/2021/11/4a.jpg"><img loading="lazy" decoding="async" class="size-full wp-image-36492 aligncenter" src="https://www.grundschule-am-stadtpark-steglitz.de/wp-content/uploads/2021/11/4a.jpg" alt="" width="482" height="498" srcset="https://www.grundschule-am-stadtpark-steglitz.de/wp-content/uploads/2021/11/4a.jpg 482w, https://www.grundschule-am-stadtpark-steglitz.de/wp-content/uploads/2021/11/4a-290x300.jpg 290w" sizes="auto, (max-width: 482px) 100vw, 482px" /></a></p>
<p style="text-align: justify;"><span style="color: #000000; font-size: 12pt; font-family: tahoma, arial, helvetica, sans-serif;">Diese Bilder stellten Landkarten dar, auf denen Wege und verschiedene Symbole zu entdecken sind.</span></p>
<p><a href="https://www.grundschule-am-stadtpark-steglitz.de/wp-content/uploads/2021/11/7.jpg"><img loading="lazy" decoding="async" class="alignnone size-medium wp-image-36490" src="https://www.grundschule-am-stadtpark-steglitz.de/wp-content/uploads/2021/11/7-300x225.jpg" alt="" width="300" height="225" srcset="https://www.grundschule-am-stadtpark-steglitz.de/wp-content/uploads/2021/11/7-300x225.jpg 300w, https://www.grundschule-am-stadtpark-steglitz.de/wp-content/uploads/2021/11/7-768x576.jpg 768w, https://www.grundschule-am-stadtpark-steglitz.de/wp-content/uploads/2021/11/7.jpg 800w" sizes="auto, (max-width: 300px) 100vw, 300px" />&nbsp;&nbsp;&nbsp;&nbsp;</a> <a href="https://www.grundschule-am-stadtpark-steglitz.de/wp-content/uploads/2021/11/8.jpg"><img loading="lazy" decoding="async" class="alignnone size-medium wp-image-36491" src="https://www.grundschule-am-stadtpark-steglitz.de/wp-content/uploads/2021/11/8-300x225.jpg" alt="" width="300" height="225" srcset="https://www.grundschule-am-stadtpark-steglitz.de/wp-content/uploads/2021/11/8-300x225.jpg 300w, https://www.grundschule-am-stadtpark-steglitz.de/wp-content/uploads/2021/11/8-768x576.jpg 768w, https://www.grundschule-am-stadtpark-steglitz.de/wp-content/uploads/2021/11/8.jpg 800w" sizes="auto, (max-width: 300px) 100vw, 300px" /></a></p>
<p><a href="https://www.grundschule-am-stadtpark-steglitz.de/wp-content/uploads/2021/11/6.jpg"><img loading="lazy" decoding="async" class="alignnone size-full wp-image-36489" src="https://www.grundschule-am-stadtpark-steglitz.de/wp-content/uploads/2021/11/6.jpg" alt="" width="800" height="600" srcset="https://www.grundschule-am-stadtpark-steglitz.de/wp-content/uploads/2021/11/6.jpg 800w, https://www.grundschule-am-stadtpark-steglitz.de/wp-content/uploads/2021/11/6-300x225.jpg 300w, https://www.grundschule-am-stadtpark-steglitz.de/wp-content/uploads/2021/11/6-768x576.jpg 768w" sizes="auto, (max-width: 800px) 100vw, 800px" /></a></p>
<p style="text-align: justify;"><span style="color: #000000; font-size: 12pt; font-family: tahoma, arial, helvetica, sans-serif;">Auch wir haben als Klassengemeinschaft eine große Landkarte im Dotpaintingstil entworfen, die wir aus 20 Einzelbildern am Ende zusammengefügt haben…unsere eigenen Traumpfade. &nbsp;</span></p>
<p><a href="https://www.grundschule-am-stadtpark-steglitz.de/wp-content/uploads/2021/11/5.jpg"><img loading="lazy" decoding="async" class="alignnone size-full wp-image-36488" src="https://www.grundschule-am-stadtpark-steglitz.de/wp-content/uploads/2021/11/5.jpg" alt="" width="770" height="600" srcset="https://www.grundschule-am-stadtpark-steglitz.de/wp-content/uploads/2021/11/5.jpg 770w, https://www.grundschule-am-stadtpark-steglitz.de/wp-content/uploads/2021/11/5-300x234.jpg 300w, https://www.grundschule-am-stadtpark-steglitz.de/wp-content/uploads/2021/11/5-768x598.jpg 768w" sizes="auto, (max-width: 770px) 100vw, 770px" /></a></p>
<p><em><strong><span style="color: #000000;">M. Vickov (Klassenlehrerin)</span></strong></em></p>

<p>&#8230;mit der Klasse 6b Unsere Klasse ist im Kunstunterricht mit Frau Vickov in das Leben der australischen Ureinwohner eingetaucht. Wir haben über Mythen und Riten gesprochen und einiges über die Kultur der Aborigines lernen können. Zum Beispiel, dass die Kinder der Aborigines zum Erwachsenwerden in das australische Outback geschickt wurden, wo sie viele Wochen und</p>
<p><a class="more-link" href="https://www.grundschule-am-stadtpark-steglitz.de/?page_id=38758">Mehr&#8230;</a></p>
