{"id":318,"date":"2013-06-01T14:53:16","date_gmt":"2013-06-01T12:53:16","guid":{"rendered":"http:\/\/wp1066866.wp101.webpack.hosteurope.de\/schule\/?page_id=318"},"modified":"2025-10-09T11:22:40","modified_gmt":"2025-10-09T09:22:40","slug":"gev","status":"publish","type":"page","link":"https:\/\/www.grundschule-am-stadtpark-steglitz.de\/?page_id=318","title":{"rendered":"GEV-Vorstand"},"content":{"rendered":"<p style=\"text-align: center;\"><a href=\"mailto:gev-vorstand@gramst.de\"><span style=\"color: #000000; font-size: 12pt;\"><strong><span style=\"font-size: 14pt; background-color: #ffff00;\"><span style=\"font-size: 18pt; color: #0000ff;\">gev-vorstand@gramst.de<\/span><\/span><\/strong><\/span><\/a><\/p>\n<p style=\"text-align: justify;\"><span style=\"font-size: 12pt; color: #000000;\">Jedes Jahr w\u00e4hlt die Gesamt-Elternvertretung der Schule, die aus den gew\u00e4hlten Elternvertretern aller Klassen besteht, einen GEV-Vorstand. Der GEV-Vorstand koordiniert die Zusammenarbeit zwischen Eltern und Schulleitung. Die GEV entsendet Elternvertreter:innen in die weiteren schulischen Gremien, wie die Schulkonferenz, Gesamtkonferenz und den Bezirkselternausschuss (BEA).<\/span><\/p>\n<p style=\"text-align: justify;\"><span style=\"text-decoration: underline;\"><span style=\"font-size: 12pt; color: #000000; text-decoration: underline;\"><a href=\"https:\/\/www.grundschule-am-stadtpark-steglitz.de\/wp-content\/uploads\/2019\/10\/Gruppe6.png\"><img loading=\"lazy\" decoding=\"async\" class=\" wp-image-29369 alignright\" src=\"https:\/\/www.grundschule-am-stadtpark-steglitz.de\/wp-content\/uploads\/2019\/10\/Gruppe6-300x250.png\" alt=\"\" width=\"179\" height=\"149\" srcset=\"https:\/\/www.grundschule-am-stadtpark-steglitz.de\/wp-content\/uploads\/2019\/10\/Gruppe6-300x250.png 300w, https:\/\/www.grundschule-am-stadtpark-steglitz.de\/wp-content\/uploads\/2019\/10\/Gruppe6-768x640.png 768w, https:\/\/www.grundschule-am-stadtpark-steglitz.de\/wp-content\/uploads\/2019\/10\/Gruppe6.png 864w\" sizes=\"auto, (max-width: 179px) 100vw, 179px\" \/><\/a>Im Schuljahr 2025\/2026 besteht der <strong>GEV-Vorstand<\/strong> aus:<\/span><\/span><\/p>\n<p style=\"text-align: justify;\"><strong><span style=\"font-size: 12pt; color: #000000;\"><span style=\"font-size: 14pt;\">Herr Sch\u00f6ppe<\/span> (1a)<\/span><\/strong><\/p>\n<p style=\"text-align: justify;\"><strong><span style=\"font-size: 12pt; color: #000000;\"><span style=\"font-size: 14pt;\">Frau Yildirim<\/span> (1d)<\/span><\/strong><\/p>\n<p style=\"text-align: justify;\"><strong><span style=\"font-size: 12pt; color: #000000;\"><span style=\"font-size: 14pt;\">Herr Eke<\/span> (5b)<\/span><\/strong><\/p>\n<p style=\"text-align: justify;\"><span style=\"font-size: 12pt; color: #000000;\">Wir sind im st\u00e4ndigen Kontakt mit der Schulleitung und vertreten die Interessen der Elternschaft auch gegen\u00fcber den Schulbeh\u00f6rden (durch die diversen Aussch\u00fcsse).<\/span><\/p>\n<p style=\"text-align: justify;\"><span style=\"font-size: 12pt; color: #000000;\">Wir sind immer ansprechbar, wenn Probleme in einzelnen Klassen auftreten, die durch Gespr\u00e4che zwischen den beteiligten Elternvertreter:innen und den Klassenlehrer:innen nicht l\u00f6sbar sind.<\/span><\/p>\n<p style=\"text-align: justify;\"><span style=\"font-size: 12pt; color: #000000;\">Sie erreichen uns unter: <a style=\"color: #000000;\" href=\"mailto:gev-vorstand@gramst.de\"><strong>gev-vorstand@gramst.de <\/strong><\/a><\/span><\/p>\n<p style=\"text-align: justify;\"><span style=\"font-size: 12pt; color: #000000;\"><strong><em>Der GEV-Vorstand<\/em><br \/>\n<\/strong><\/span><\/p>\n<p>&nbsp;&nbsp;&nbsp;&nbsp;&nbsp;&nbsp;&nbsp;&nbsp;&nbsp;&nbsp;&nbsp;&nbsp;&nbsp;&nbsp;&nbsp;&nbsp;&nbsp;&nbsp;&nbsp;&nbsp;&nbsp;&nbsp;&nbsp;&nbsp;&nbsp;&nbsp;&nbsp;&nbsp;&nbsp;&nbsp;&nbsp;&nbsp;&nbsp;&nbsp;&nbsp;&nbsp;&nbsp;&nbsp;&nbsp;&nbsp;&nbsp;&nbsp;&nbsp;&nbsp;&nbsp;&nbsp;&nbsp;&nbsp;&nbsp;&nbsp;&nbsp;&nbsp;&nbsp;&nbsp;&nbsp;&nbsp;&nbsp;&nbsp;&nbsp;&nbsp;&nbsp;&nbsp;&nbsp;&nbsp;&nbsp;&nbsp;&nbsp;&nbsp;&nbsp;&nbsp;&nbsp;&nbsp;&nbsp;&nbsp;&nbsp;&nbsp;&nbsp;&nbsp;&nbsp;&nbsp;&nbsp;&nbsp;&nbsp; &nbsp; &nbsp; &nbsp; &nbsp; &nbsp; &nbsp; &nbsp; &nbsp; &nbsp; &nbsp; &nbsp; &nbsp; &nbsp;&nbsp; &nbsp;&nbsp;&nbsp; <span style=\"color: #000000;\"><em><strong><span style=\"background-color: #ffff00;\">aktualisiert im Oktober 2025<\/span><\/strong><\/em><\/span><\/p>\n","protected":false},"excerpt":{"rendered":"<p>gev-vorstand@gramst.de Jedes Jahr w\u00e4hlt die Gesamt-Elternvertretung der Schule, die aus den gew\u00e4hlten Elternvertretern aller Klassen besteht, einen GEV-Vorstand. Der GEV-Vorstand koordiniert die Zusammenarbeit zwischen Eltern und Schulleitung. Die GEV entsendet Elternvertreter:innen in die weiteren schulischen Gremien, wie die Schulkonferenz, Gesamtkonferenz und den Bezirkselternausschuss (BEA). Im Schuljahr 2025\/2026 besteht der GEV-Vorstand aus: Herr Sch\u00f6ppe (1a) Frau<\/p>\n<p><a class=\"more-link\" href=\"https:\/\/www.grundschule-am-stadtpark-steglitz.de\/?page_id=318\">Mehr&#8230;<\/a><\/p>\n","protected":false},"author":2,"featured_media":0,"parent":98,"menu_order":0,"comment_status":"closed","ping_status":"closed","template":"","meta":{"ngg_post_thumbnail":0,"footnotes":""},"class_list":["post-318","page","type-page","status-publish","hentry"],"_links":{"self":[{"href":"https:\/\/www.grundschule-am-stadtpark-steglitz.de\/index.php?rest_route=\/wp\/v2\/pages\/318","targetHints":{"allow":["GET"]}}],"collection":[{"href":"https:\/\/www.grundschule-am-stadtpark-steglitz.de\/index.php?rest_route=\/wp\/v2\/pages"}],"about":[{"href":"https:\/\/www.grundschule-am-stadtpark-steglitz.de\/index.php?rest_route=\/wp\/v2\/types\/page"}],"author":[{"embeddable":true,"href":"https:\/\/www.grundschule-am-stadtpark-steglitz.de\/index.php?rest_route=\/wp\/v2\/users\/2"}],"replies":[{"embeddable":true,"href":"https:\/\/www.grundschule-am-stadtpark-steglitz.de\/index.php?rest_route=%2Fwp%2Fv2%2Fcomments&post=318"}],"version-history":[{"count":35,"href":"https:\/\/www.grundschule-am-stadtpark-steglitz.de\/index.php?rest_route=\/wp\/v2\/pages\/318\/revisions"}],"predecessor-version":[{"id":47241,"href":"https:\/\/www.grundschule-am-stadtpark-steglitz.de\/index.php?rest_route=\/wp\/v2\/pages\/318\/revisions\/47241"}],"up":[{"embeddable":true,"href":"https:\/\/www.grundschule-am-stadtpark-steglitz.de\/index.php?rest_route=\/wp\/v2\/pages\/98"}],"wp:attachment":[{"href":"https:\/\/www.grundschule-am-stadtpark-steglitz.de\/index.php?rest_route=%2Fwp%2Fv2%2Fmedia&parent=318"}],"curies":[{"name":"wp","href":"https:\/\/api.w.org\/{rel}","templated":true}]}}