{"id":283,"date":"2013-06-01T23:19:58","date_gmt":"2013-06-01T21:19:58","guid":{"rendered":"http:\/\/wp1066866.wp101.webpack.hosteurope.de\/schule\/?page_id=283"},"modified":"2025-11-04T12:39:17","modified_gmt":"2025-11-04T11:39:17","slug":"wuv","status":"publish","type":"page","link":"https:\/\/www.grundschule-am-stadtpark-steglitz.de\/?page_id=283","title":{"rendered":"WPU"},"content":{"rendered":"<p><span style=\"color: #000000; font-size: 12pt;\">In den Jahrgangsstufen 5 und 6 findet Wahlpflichtunterricht statt.<\/span><br \/>\n<span style=\"color: #000000; font-size: 12pt;\">Folgende Kurse bieten wir im Schuljahr <span style=\"text-decoration: underline;\"><strong>2025\/2026<\/strong><\/span>&nbsp;an:<\/span><br \/>\n<span style=\"font-size: 12pt;\"><strong><span style=\"color: #800080;\">Fittness Fun<\/span><\/strong><\/span><br \/>\n<span style=\"font-size: 12pt;\"><strong><span style=\"color: #3366ff;\">Kunstreise um die Welt<\/span><\/strong><\/span><br \/>\n<span style=\"color: #33cccc; font-size: 12pt;\"><strong>Origami<\/strong><a href=\"http:\/\/www.grundschule-am-stadtpark-steglitz.de\/wp-content\/uploads\/2013\/06\/effekt-3D_15.gif\"><img loading=\"lazy\" decoding=\"async\" class=\"alignright wp-image-4317 size-full\" src=\"http:\/\/www.grundschule-am-stadtpark-steglitz.de\/wp-content\/uploads\/2013\/06\/effekt-3D_15.gif\" alt=\"effekt-3D_15\" width=\"200\" height=\"150\"><\/a><\/span><br \/>\n<span style=\"font-size: 12pt;\"><strong><span style=\"color: #339966;\">Papierdesign<\/span><\/strong><\/span><br \/>\n<span style=\"font-size: 12pt;\"><strong><span style=\"color: #99cc00;\">LeseProfis<\/span><\/strong><\/span><br \/>\n<span style=\"font-size: 12pt;\"><strong><span style=\"color: #ff9900;\">Sing deinen Song<\/span><\/strong><\/span><br \/>\n<span style=\"color: #ff0000; font-size: 12pt;\"><strong>Energie-Manager &#8211; Film ab!<\/strong><\/span><br \/>\n<span style=\"font-size: 12pt;\"><strong><span style=\"color: #0000ff;\">Floorball<\/span><\/strong><\/span><br \/>\n<span style=\"font-size: 12pt;\"><strong><span style=\"color: #993366;\">Ultimate Frisbee<\/span><span style=\"color: #008080;\"><br \/>\n<span style=\"color: #ff0000;\"><span style=\"color: #008000;\">Die Deko-Checker<\/span><br \/>\n<span style=\"color: #00ff00;\">T\u00fcrkisch f\u00fcr Anf\u00e4nger:innen<\/span><br \/>\n<span style=\"color: #ff00ff;\">MathePlus<\/span><br \/>\n<span style=\"color: #00ccff;\">Modellieren<\/span><br \/>\nFaden &amp; Wolle<\/span><\/span><\/strong><\/span><\/p>\n<p><span style=\"font-size: 8pt;\"><em>\u00c4nderungen vorbehalten<\/em><\/span><\/p>\n","protected":false},"excerpt":{"rendered":"<p>In den Jahrgangsstufen 5 und 6 findet Wahlpflichtunterricht statt. Folgende Kurse bieten wir im Schuljahr 2025\/2026&nbsp;an: Fittness Fun Kunstreise um die Welt Origami Papierdesign LeseProfis Sing deinen Song Energie-Manager &#8211; Film ab! Floorball Ultimate Frisbee Die Deko-Checker T\u00fcrkisch f\u00fcr Anf\u00e4nger:innen MathePlus Modellieren Faden &amp; Wolle \u00c4nderungen vorbehalten<\/p>\n","protected":false},"author":2,"featured_media":0,"parent":227,"menu_order":0,"comment_status":"closed","ping_status":"closed","template":"","meta":{"ngg_post_thumbnail":0,"footnotes":""},"class_list":["post-283","page","type-page","status-publish","hentry"],"_links":{"self":[{"href":"https:\/\/www.grundschule-am-stadtpark-steglitz.de\/index.php?rest_route=\/wp\/v2\/pages\/283","targetHints":{"allow":["GET"]}}],"collection":[{"href":"https:\/\/www.grundschule-am-stadtpark-steglitz.de\/index.php?rest_route=\/wp\/v2\/pages"}],"about":[{"href":"https:\/\/www.grundschule-am-stadtpark-steglitz.de\/index.php?rest_route=\/wp\/v2\/types\/page"}],"author":[{"embeddable":true,"href":"https:\/\/www.grundschule-am-stadtpark-steglitz.de\/index.php?rest_route=\/wp\/v2\/users\/2"}],"replies":[{"embeddable":true,"href":"https:\/\/www.grundschule-am-stadtpark-steglitz.de\/index.php?rest_route=%2Fwp%2Fv2%2Fcomments&post=283"}],"version-history":[{"count":19,"href":"https:\/\/www.grundschule-am-stadtpark-steglitz.de\/index.php?rest_route=\/wp\/v2\/pages\/283\/revisions"}],"predecessor-version":[{"id":47514,"href":"https:\/\/www.grundschule-am-stadtpark-steglitz.de\/index.php?rest_route=\/wp\/v2\/pages\/283\/revisions\/47514"}],"up":[{"embeddable":true,"href":"https:\/\/www.grundschule-am-stadtpark-steglitz.de\/index.php?rest_route=\/wp\/v2\/pages\/227"}],"wp:attachment":[{"href":"https:\/\/www.grundschule-am-stadtpark-steglitz.de\/index.php?rest_route=%2Fwp%2Fv2%2Fmedia&parent=283"}],"curies":[{"name":"wp","href":"https:\/\/api.w.org\/{rel}","templated":true}]}}

<p><span style="color: #000000; font-size: 12pt;">In den Jahrgangsstufen 5 und 6 findet Wahlpflichtunterricht statt.</span><br />
<span style="color: #000000; font-size: 12pt;">Folgende Kurse bieten wir im Schuljahr <span style="text-decoration: underline;"><strong>2025/2026</strong></span>&nbsp;an:</span><br />
<span style="font-size: 12pt;"><strong><span style="color: #800080;">Fittness Fun</span></strong></span><br />
<span style="font-size: 12pt;"><strong><span style="color: #3366ff;">Kunstreise um die Welt</span></strong></span><br />
<span style="color: #33cccc; font-size: 12pt;"><strong>Origami</strong><a href="http://www.grundschule-am-stadtpark-steglitz.de/wp-content/uploads/2013/06/effekt-3D_15.gif"><img loading="lazy" decoding="async" class="alignright wp-image-4317 size-full" src="http://www.grundschule-am-stadtpark-steglitz.de/wp-content/uploads/2013/06/effekt-3D_15.gif" alt="effekt-3D_15" width="200" height="150"></a></span><br />
<span style="font-size: 12pt;"><strong><span style="color: #339966;">Papierdesign</span></strong></span><br />
<span style="font-size: 12pt;"><strong><span style="color: #99cc00;">LeseProfis</span></strong></span><br />
<span style="font-size: 12pt;"><strong><span style="color: #ff9900;">Sing deinen Song</span></strong></span><br />
<span style="color: #ff0000; font-size: 12pt;"><strong>Energie-Manager &#8211; Film ab!</strong></span><br />
<span style="font-size: 12pt;"><strong><span style="color: #0000ff;">Floorball</span></strong></span><br />
<span style="font-size: 12pt;"><strong><span style="color: #993366;">Ultimate Frisbee</span><span style="color: #008080;"><br />
<span style="color: #ff0000;"><span style="color: #008000;">Die Deko-Checker</span><br />
<span style="color: #00ff00;">Türkisch für Anfänger:innen</span><br />
<span style="color: #ff00ff;">MathePlus</span><br />
<span style="color: #00ccff;">Modellieren</span><br />
Faden &amp; Wolle</span></span></strong></span></p>
<p><span style="font-size: 8pt;"><em>Änderungen vorbehalten</em></span></p>

<p>In den Jahrgangsstufen 5 und 6 findet Wahlpflichtunterricht statt. Folgende Kurse bieten wir im Schuljahr 2025/2026&nbsp;an: Fittness Fun Kunstreise um die Welt Origami Papierdesign LeseProfis Sing deinen Song Energie-Manager &#8211; Film ab! Floorball Ultimate Frisbee Die Deko-Checker Türkisch für Anfänger:innen MathePlus Modellieren Faden &amp; Wolle Änderungen vorbehalten</p>
