{"id":19637,"date":"2017-08-06T15:48:15","date_gmt":"2017-08-06T13:48:15","guid":{"rendered":"http:\/\/www.grundschule-am-stadtpark-steglitz.de\/?page_id=19637"},"modified":"2025-10-26T07:41:25","modified_gmt":"2025-10-26T06:41:25","slug":"gesellschaftswissenschaften","status":"publish","type":"page","link":"https:\/\/www.grundschule-am-stadtpark-steglitz.de\/?page_id=19637","title":{"rendered":"Gesellschaftswissenschaften"},"content":{"rendered":"<p style=\"text-align: justify;\"><span style=\"color: #000000; background-color: #ffff00;\"><em><strong>Aktualisiert im Oktober 2025<\/strong><\/em><\/span><\/p>\n<p style=\"text-align: justify;\"><span style=\"color: #000000;\"><strong>Fachbereichsleitung 2025\/26: Fr. Sen<\/strong><\/span><\/p>\n<p style=\"text-align: justify;\"><span style=\"color: #000000;\"><strong>Gesellschaftswissenschaften \u2013 was steckt dahinter?<\/strong><\/span><\/p>\n<p style=\"text-align: justify;\"><span style=\"color: #000000;\">Wie lebten Menschen fr\u00fcher? Wie gestalten wir heute unsere Gesellschaft? Und was bedeutet das alles f\u00fcr die Zukunft?<\/span><br \/>\n<span style=\"color: #000000;\">Im Fach <strong>Gesellschaftswissenschaften<\/strong> (Gewi) gehen unsere Sch\u00fclerinnen und Sch\u00fcler genau diesen Fragen auf den Grund. In den Klassenstufen 5 und 6 verbinden wir die Fachbereiche <strong>Geschichte<\/strong>, <strong>Geografie<\/strong> und <strong>Politische Bildung<\/strong> miteinander. So k\u00f6nnen Kinder und Jugendliche Themen aus verschiedenen Blickwinkeln betrachten, Zusammenh\u00e4nge erkennen und ihre eigene Meinung entwickeln.<\/span><\/p>\n<p style=\"text-align: justify;\"><span style=\"color: #000000;\">Unser Ziel ist es, \u201edass sich die Lernenden in Raum, Zeit und Gesellschaft orientieren und sich in gesellschaftswissenschaftlichen Zusammenh\u00e4ngen zunehmend verantwortlich und partizipativ einbringen k\u00f6nnen. Damit wird eine Basis f\u00fcr das erfolgreiche Weiterlernen in den F\u00e4chern Geografie, Geschichte und Politische Bildung ab Jahrgangsstufe 7 geschaffen.\u201c [1]<\/span><\/p>\n<p style=\"text-align: justify;\"><span style=\"color: #000000;\"><strong>Themen in den Jahrgangsstufen 5\/6<\/strong><\/span><\/p>\n<p style=\"text-align: justify;\"><span style=\"color: #000000;\"><strong>Klasse 5<\/strong><\/span><\/p>\n<ul style=\"text-align: justify;\">\n<li><span style=\"color: #000000;\">Einf\u00fchrung in das Fach<\/span><\/li>\n<li><span style=\"color: #000000;\">Ern\u00e4hrung \u2013 Wie werden Menschen satt?<\/span><\/li>\n<li><span style=\"color: #000000;\">Wasser \u2013 nur Natur oder in Menschenhand?<\/span><\/li>\n<li><span style=\"color: #000000;\">Tourismus und Mobilit\u00e4t \u2013 schneller, weiter, kl\u00fcger?<\/span><\/li>\n<li><span style=\"color: #000000;\">Ein wahlobligatorisches Thema<\/span><\/li>\n<\/ul>\n<p style=\"text-align: justify;\"><span style=\"color: #000000;\"><strong>Klasse 6<\/strong><\/span><\/p>\n<ul style=\"text-align: justify;\">\n<li><span style=\"color: #000000;\">Demokratie und Mitbestimmung \u2013 Gleichberechtigung f\u00fcr alle<\/span><\/li>\n<li><span style=\"color: #000000;\">Stadt und st\u00e4dtische Vielfalt \u2013 Gewinn oder Problem?<\/span><\/li>\n<li><span style=\"color: #000000;\">Europa \u2013 grenzenlos?<\/span><\/li>\n<li><span style=\"color: #000000;\">Ein wahlobligatorisches Thema<\/span><\/li>\n<\/ul>\n<p style=\"text-align: justify;\"><span style=\"color: #000000;\"><strong>Wie wir arbeiten \u2013 Methoden im Fach Gewi<\/strong><\/span><\/p>\n<p style=\"text-align: justify;\"><span style=\"color: #000000;\">Im Unterricht geht es nicht nur um Faktenlernen: Wir probieren, entdecken und diskutieren. Die Sch\u00fclerinnen und Sch\u00fcler arbeiten zum Beispiel mit Zeitfriesen, historischen Quellen und Schaubildern, f\u00fchren Expertengespr\u00e4che oder erstellen Placemats. Sie lesen altersgerechte Lekt\u00fcren zu historischen Themen, gestalten Collagen und Pr\u00e4sentationen, f\u00fchren Pro-und-Kontra-Diskussionen oder schl\u00fcpfen in Rollenspiele. Auch Atlas-Rallyes, Exkursionen und die Vorstellung lokaler Projekte geh\u00f6ren zu unserem Programm. So wird Lernen anschaulich, abwechslungsreich und handlungsorientiert.<\/span><\/p>\n<p style=\"text-align: justify;\"><span style=\"color: #000000;\"><strong>Lernen vor Ort \u2013 Workshops und au<\/strong><strong>\u00df<\/strong><strong>erschulische Lernorte<\/strong><\/span><\/p>\n<p style=\"text-align: justify;\"><span style=\"color: #000000;\">Besonders spannend sind unsere Exkursionen, Workshops und Projekte. Eine Auswahl:<\/span><\/p>\n<ul style=\"text-align: justify;\">\n<li><span style=\"color: #000000;\">Museumsbesuche (z. B. Zeugnisse aus der Vergangenheit, Naturkundemuseum, Landeskundemuseum)<\/span><\/li>\n<li><span style=\"color: #000000;\">Workshop \u201eSchrift und Sprache im Alten \u00c4gypten\u201c (Neues Museum)<\/span><\/li>\n<li><span style=\"color: #000000;\">Grips Theater \u2013 Mitspielkrimi \u201eWasserbomben\u201c<\/span><\/li>\n<li><span style=\"color: #000000;\">Besuch eines Kl\u00e4r- oder Wasserwerks<\/span><\/li>\n<li><span style=\"color: #000000;\">Gedenkst\u00e4ttenbesuche<\/span><\/li>\n<li><span style=\"color: #000000;\">Europahaus Berlin<\/span><\/li>\n<li><span style=\"color: #000000;\">Stadterkundungen in Berlin \/ Mauerweg<\/span><\/li>\n<li><span style=\"color: #000000;\">Wochenmarkt \/ Karls Erdbeerhof<\/span><\/li>\n<li><span style=\"color: #000000;\">Projekt \u201eLebensmittelverschwendung\u201c (KATE e. V.)<\/span><\/li>\n<li><span style=\"color: #000000;\">Workshop \u201eAuf der Spur des Menschen der Altsteinzeit\u201c (Neues Museum)<\/span><\/li>\n<li><span style=\"color: #000000;\">Besuch der ITB<\/span><\/li>\n<li><span style=\"color: #000000;\">Deutsches Technikmuseum, Spionagemuseum, Pergamonmuseum<\/span><\/li>\n<li><span style=\"color: #000000;\">Aktionsgruppen und NGOs einladen<\/span><\/li>\n<li><span style=\"color: #000000;\">UNICEF oder andere Kinderschutzorganisationen kennenlernen<\/span><\/li>\n<li><span style=\"color: #000000;\">Workshop \u201eKinderrechte\u201c<\/span><\/li>\n<li><span style=\"color: #000000;\">\u201eK\u00f6nigskinder \u2013 das Demokratiespiel\u201c<\/span><\/li>\n<li><span style=\"color: #000000;\">Besuch des Abgeordnetenhauses, des Bundestags und\/oder des Bundesrats<\/span><\/li>\n<li><span style=\"color: #000000;\">Besuch bei der Bezirksb\u00fcrgermeisterin<\/span><\/li>\n<li><span style=\"color: #000000;\">Besuche internationaler Botschaften<\/span><\/li>\n<\/ul>\n<p style=\"text-align: justify;\"><span style=\"color: #000000;\"><strong>B\u00fccher und Arbeitshefte<\/strong><\/span><\/p>\n<p style=\"text-align: justify;\"><span style=\"color: #000000;\">Im Fach Gesellschaftswissenschaften arbeiten wir mit verschiedenen B\u00fcchern und Arbeitsheften, die thematisch zu den Unterrichtsinhalten passen und das eigenst\u00e4ndige Lernen unterst\u00fctzen.<\/span><\/p>\n<p style=\"text-align: justify;\"><a href=\"https:\/\/www.grundschule-am-stadtpark-steglitz.de\/wp-content\/uploads\/2023\/12\/K800_1-2.jpg\"><img loading=\"lazy\" decoding=\"async\" class=\"alignnone wp-image-42810\" src=\"https:\/\/www.grundschule-am-stadtpark-steglitz.de\/wp-content\/uploads\/2023\/12\/K800_1-2.jpg\" alt=\"\" width=\"145\" height=\"200\"><\/a> <a href=\"https:\/\/www.grundschule-am-stadtpark-steglitz.de\/wp-content\/uploads\/2023\/12\/K800_2-2.jpg\"><img loading=\"lazy\" decoding=\"async\" class=\"alignnone wp-image-42811\" src=\"https:\/\/www.grundschule-am-stadtpark-steglitz.de\/wp-content\/uploads\/2023\/12\/K800_2-2-213x300.jpg\" alt=\"\" width=\"145\" height=\"204\" srcset=\"https:\/\/www.grundschule-am-stadtpark-steglitz.de\/wp-content\/uploads\/2023\/12\/K800_2-2-213x300.jpg 213w, https:\/\/www.grundschule-am-stadtpark-steglitz.de\/wp-content\/uploads\/2023\/12\/K800_2-2.jpg 280w\" sizes=\"auto, (max-width: 145px) 100vw, 145px\" \/><\/a> <a href=\"https:\/\/www.grundschule-am-stadtpark-steglitz.de\/wp-content\/uploads\/2023\/12\/K800_3-2.jpg\"><img loading=\"lazy\" decoding=\"async\" class=\"alignnone wp-image-42812\" src=\"https:\/\/www.grundschule-am-stadtpark-steglitz.de\/wp-content\/uploads\/2023\/12\/K800_3-2.jpg\" alt=\"\" width=\"144\" height=\"198\"><\/a> <a href=\"https:\/\/www.grundschule-am-stadtpark-steglitz.de\/wp-content\/uploads\/2023\/12\/K800_4-1.jpg\"><img loading=\"lazy\" decoding=\"async\" class=\"alignnone wp-image-42813\" src=\"https:\/\/www.grundschule-am-stadtpark-steglitz.de\/wp-content\/uploads\/2023\/12\/K800_4-1-213x300.jpg\" alt=\"\" width=\"146\" height=\"206\" srcset=\"https:\/\/www.grundschule-am-stadtpark-steglitz.de\/wp-content\/uploads\/2023\/12\/K800_4-1-213x300.jpg 213w, https:\/\/www.grundschule-am-stadtpark-steglitz.de\/wp-content\/uploads\/2023\/12\/K800_4-1.jpg 272w\" sizes=\"auto, (max-width: 146px) 100vw, 146px\" \/><\/a><\/p>\n<p style=\"text-align: justify;\"><span style=\"color: #000000;\">Karten (Bundeszentrale f\u00fcr politische Bildung (siehe https:\/\/www.bpb.de\/)<\/span><\/p>\n<p style=\"text-align: justify;\"><a href=\"https:\/\/www.grundschule-am-stadtpark-steglitz.de\/wp-content\/uploads\/2023\/12\/K800_5-2.jpg\"><img loading=\"lazy\" decoding=\"async\" class=\"size-medium wp-image-42814 aligncenter\" src=\"https:\/\/www.grundschule-am-stadtpark-steglitz.de\/wp-content\/uploads\/2023\/12\/K800_5-2-300x208.jpg\" alt=\"\" width=\"300\" height=\"208\" srcset=\"https:\/\/www.grundschule-am-stadtpark-steglitz.de\/wp-content\/uploads\/2023\/12\/K800_5-2-300x208.jpg 300w, https:\/\/www.grundschule-am-stadtpark-steglitz.de\/wp-content\/uploads\/2023\/12\/K800_5-2.jpg 400w\" sizes=\"auto, (max-width: 300px) 100vw, 300px\" \/><\/a><\/p>\n<p><a href=\"https:\/\/www.grundschule-am-stadtpark-steglitz.de\/wp-content\/uploads\/2023\/12\/K800_6-1.jpg\"><img loading=\"lazy\" decoding=\"async\" class=\"alignnone wp-image-42815\" src=\"https:\/\/www.grundschule-am-stadtpark-steglitz.de\/wp-content\/uploads\/2023\/12\/K800_6-1-213x300.jpg\" alt=\"\" width=\"284\" height=\"400\" srcset=\"https:\/\/www.grundschule-am-stadtpark-steglitz.de\/wp-content\/uploads\/2023\/12\/K800_6-1-213x300.jpg 213w, https:\/\/www.grundschule-am-stadtpark-steglitz.de\/wp-content\/uploads\/2023\/12\/K800_6-1.jpg 378w\" sizes=\"auto, (max-width: 284px) 100vw, 284px\" \/>&nbsp;&nbsp;&nbsp;&nbsp;&nbsp;<\/a> <a href=\"https:\/\/www.grundschule-am-stadtpark-steglitz.de\/wp-content\/uploads\/2023\/12\/K800_7.jpg\"><img loading=\"lazy\" decoding=\"async\" class=\"alignnone wp-image-42816\" src=\"https:\/\/www.grundschule-am-stadtpark-steglitz.de\/wp-content\/uploads\/2023\/12\/K800_7-211x300.jpg\" alt=\"\" width=\"282\" height=\"401\" srcset=\"https:\/\/www.grundschule-am-stadtpark-steglitz.de\/wp-content\/uploads\/2023\/12\/K800_7-211x300.jpg 211w, https:\/\/www.grundschule-am-stadtpark-steglitz.de\/wp-content\/uploads\/2023\/12\/K800_7.jpg 358w\" sizes=\"auto, (max-width: 282px) 100vw, 282px\" \/><\/a><\/p>\n<p>[1] <a href=\"https:\/\/bildungsserver.berlin-brandenburg.de\/gewi-5-6-unterrichten\">https:\/\/bildungsserver.berlin-brandenburg.de\/gewi-5-6-unterrichten<\/a><\/p>\n<p style=\"text-align: justify;\"><span style=\"color: #000000;\"><em><strong>S. Sen (Fachbereichsleiterin)<\/strong><\/em><br \/>\n<\/span><\/p>\n","protected":false},"excerpt":{"rendered":"<p>Aktualisiert im Oktober 2025 Fachbereichsleitung 2025\/26: Fr. Sen Gesellschaftswissenschaften \u2013 was steckt dahinter? Wie lebten Menschen fr\u00fcher? Wie gestalten wir heute unsere Gesellschaft? Und was bedeutet das alles f\u00fcr die Zukunft? Im Fach Gesellschaftswissenschaften (Gewi) gehen unsere Sch\u00fclerinnen und Sch\u00fcler genau diesen Fragen auf den Grund. In den Klassenstufen 5 und 6 verbinden wir die<\/p>\n<p><a class=\"more-link\" href=\"https:\/\/www.grundschule-am-stadtpark-steglitz.de\/?page_id=19637\">Mehr&#8230;<\/a><\/p>\n","protected":false},"author":1,"featured_media":0,"parent":0,"menu_order":0,"comment_status":"closed","ping_status":"closed","template":"","meta":{"ngg_post_thumbnail":0,"footnotes":""},"class_list":["post-19637","page","type-page","status-publish","hentry"],"_links":{"self":[{"href":"https:\/\/www.grundschule-am-stadtpark-steglitz.de\/index.php?rest_route=\/wp\/v2\/pages\/19637","targetHints":{"allow":["GET"]}}],"collection":[{"href":"https:\/\/www.grundschule-am-stadtpark-steglitz.de\/index.php?rest_route=\/wp\/v2\/pages"}],"about":[{"href":"https:\/\/www.grundschule-am-stadtpark-steglitz.de\/index.php?rest_route=\/wp\/v2\/types\/page"}],"author":[{"embeddable":true,"href":"https:\/\/www.grundschule-am-stadtpark-steglitz.de\/index.php?rest_route=\/wp\/v2\/users\/1"}],"replies":[{"embeddable":true,"href":"https:\/\/www.grundschule-am-stadtpark-steglitz.de\/index.php?rest_route=%2Fwp%2Fv2%2Fcomments&post=19637"}],"version-history":[{"count":12,"href":"https:\/\/www.grundschule-am-stadtpark-steglitz.de\/index.php?rest_route=\/wp\/v2\/pages\/19637\/revisions"}],"predecessor-version":[{"id":47434,"href":"https:\/\/www.grundschule-am-stadtpark-steglitz.de\/index.php?rest_route=\/wp\/v2\/pages\/19637\/revisions\/47434"}],"wp:attachment":[{"href":"https:\/\/www.grundschule-am-stadtpark-steglitz.de\/index.php?rest_route=%2Fwp%2Fv2%2Fmedia&parent=19637"}],"curies":[{"name":"wp","href":"https:\/\/api.w.org\/{rel}","templated":true}]}}